{"id":42,"date":"2016-03-18T11:42:11","date_gmt":"2016-03-18T10:42:11","guid":{"rendered":"http:\/\/www.fertigungstechnik.rotabene.de\/?page_id=42"},"modified":"2023-05-08T11:51:48","modified_gmt":"2023-05-08T09:51:48","slug":"maschinenpark","status":"publish","type":"page","link":"https:\/\/www.fertigungstechnik-wettringen.de\/index.php\/leistungsspektrum\/maschinenpark\/","title":{"rendered":"Maschinenpark"},"content":{"rendered":"<\/div><\/div><\/div><!-- close content main div --><\/div><\/div><div id='full_slider_1' class='avia-fullwidth-slider main_color avia-shadow   container_wrap sidebar_left'   ><div  data-size='featured'  data-lightbox_size='large'  data-animation='slide'  data-ids='315'  data-video_counter='0'  data-autoplay='false'  data-bg_slider='false'  data-slide_height=''  data-handle='av_slideshow_full'  data-interval='5'  data-class=' '  data-css_id=''  data-scroll_down=''  data-control_layout='av-control-default'  data-custom_markup=''  data-perma_caption='aviaTBperma_caption'  data-autoplay_stopper=''  data-image_attachment=''  data-min_height='0px'  data-src=''  data-position='top left'  data-repeat='no-repeat'  data-attach='scroll'  data-stretch=''  data-default-height='28.6666666667'  class='avia-slideshow avia-slideshow-1  av-control-default av-default-height-applied avia-slideshow-featured av_slideshow_full   avia-slide-slider '  itemprop=\"ImageObject\" itemscope=\"itemscope\" itemtype=\"https:\/\/schema.org\/ImageObject\" ><ul class='avia-slideshow-inner' style='padding-bottom: 20.8333333333%;'><li  class=' av-single-slide slide-1 ' ><div data-rel='slideshow-1' class='avia-slide-wrap'  ><img src='https:\/\/www.fertigungstechnik-wettringen.de\/wp-content\/uploads\/2016\/03\/Fertigungstechnik_Wettringen_Header19.jpg' width='1200' height='250' title='Fertigungstechnik_Wettringen_Header19' alt=''  itemprop=\"thumbnailUrl\"   \/><\/div><\/li><\/ul><\/div><\/div>\n<section class=\"av_textblock_section \"  itemscope=\"itemscope\" itemtype=\"https:\/\/schema.org\/CreativeWork\" ><div class='avia_textblock  '   itemprop=\"text\" ><h1>Moderne Maschinen \u2013 pr\u00e4zise Ergebnisse<\/h1>\n<p><strong>F\u00fcr jede Anforderung die passende Maschine.<\/strong><\/p>\n<\/div><\/section>\n<div class=\"flex_column av_one_half  flex_column_div av-zero-column-padding first  \" style='border-radius:0px; '><p><section class=\"av_textblock_section \"  itemscope=\"itemscope\" itemtype=\"https:\/\/schema.org\/CreativeWork\" ><div class='avia_textblock  '   itemprop=\"text\" ><p>Schnelligkeit, verbunden mit effizienten Arbeitsmethoden, unser Maschinenpark und unser qualifiziertes und zertifiziertes Team gew\u00e4hrleisten Qualit\u00e4t und Zuverl\u00e4ssigkeit.<\/p>\n<p>Nur durch st\u00e4ndige Erweiterung unseres Maschinenparks und permanente Weiterbildung unserer Mitarbeiter k\u00f6nnen wir unsere selbstgesteckten Ziele erreichen.<\/p>\n<p><strong><br \/>\nDerzeit sind im Einsatz:<\/strong><\/p>\n<\/div><\/section><br \/>\n<section class=\"av_textblock_section \"  itemscope=\"itemscope\" itemtype=\"https:\/\/schema.org\/CreativeWork\" ><div class='avia_textblock  '   itemprop=\"text\" ><h5>1 PROMAX 450\u00a0 CNC-Drehmaschine<\/h5>\n<p>Futterteile bis \u00f8 300 mm<\/p>\n<h5>1 DMC85 mono Block mit 6-Fach Palettenwechsler<\/h5>\n<p>935 mm \/ 850 mm \/ 650 mm \u00a0\u00a0\u00a0\u00a0\u00a0\u00a0 X \/ Y \/ Z<br \/>\nBeladegewicht 1000 kg<\/p>\n<h5>2 OKUMA LVT 330-M CNC-Dreh-Bohr-Fr\u00e4s-Komplettbearbeitungszentrum<\/h5>\n<p>Futterteile bis \u00f8 280 mm und 200 mm L\u00e4nge<\/p>\n<h5>1 OKUMA MAC TURN 550 CNC-Dreh-Bohr-Fr\u00e4s-Komplettbearbeitungszentrum<\/h5>\n<p>Futterteile bis \u00f8 600 mm<\/p>\n<h5>2 MAZAK INTEGREX 300 Y CNC-Dreh-Bohr-Fr\u00e4s-Komplettbearbeitungszentrum<\/h5>\n<p>Futterteile bis \u00f8 300 mm<br \/>\nWellenteile bis \u00f8 180 mm und 1000 mm L\u00e4nge<br \/>\nVorrichtung Zylinderb\u00f6den<\/p>\n<h5>1 MAZAK NEXUS 450 MII CNC-Dreh-Bohr-Bearbeitungszentrum<\/h5>\n<p>Futterteile bis \u00f8 600 mm<br \/>\nWellenteile bis \u00f8 320 mm und 1500 mm L\u00e4nge<\/p>\n<h5>2 MAZAK i-300 CNC-Dreh-Bohr-Fr\u00e4s-Komplettbearbeitungszentrum<\/h5>\n<p>Futterteile bis \u00f8 450 mm<br \/>\nWellenteile bis \u00f8 320 mm und 1000 mm L\u00e4nge<br \/>\nVorrichtung Zylinderb\u00f6den<\/p>\n<h5>1 DMG CTX Beta 1250 TC CNC-Dreh-Bohr-Fr\u00e4s-Komplettbearbeitungszentrum<\/h5>\n<p>mit Roboter Automatisierung<br \/>\nFutterteile bis \u00f8 350 mm<br \/>\nWellenteile bis \u00f8 165 mm und 800 mm L\u00e4nge<\/p>\n<h5>1 MAZAK VTC 300 II Vertikalbearbeitung<\/h5>\n<p>mit 4 Achsen, NC-Rundtisch Kitagawa 250 MR-Tischgr\u00f6\u00dfe 2000 x 760 mm<\/p>\n<h5>1 Zylinderrohrmaschine OKUMA LB 35<\/h5>\n<p>F\u00fcr Zylinderrohre bis \u00f8 180 mm und 1200 mm L\u00e4nge<\/p>\n<h5>1 HELLER Bearbeitungszentrum BEA 1<\/h5>\n<p>mit 2-fach Palettenwechsler 800 x 600 x 600 mm<\/p>\n<h5>1 Tiefbohrmaschine NAGEL<\/h5>\n<p>Bohren bis \u00f8 20 mm und 750 mm L\u00e4nge<\/p>\n<h5>1 Rundschwei\u00dfmaschine MAG 3-lagig<\/h5>\n<p>\u00d8 200 mm und 2000 mm L\u00e4nge<\/p>\n<h5>1 ASK-0602 Schwei\u00dfkabine mit Fanuc Roboter<\/h5>\n<h5>3 WIG \/ MAG Schwei\u00dfger\u00e4te<\/h5>\n<h5>2 CNC-Gehrungsbands\u00e4gen BERG + SCHMID<\/h5>\n<p>vollautomatisch-hydraulisch \u00f8 300 mm und 12000 mm L\u00e4nge<\/p>\n<h5>1 Laserbeschriftungs- und Gravurmaschine<\/h5>\n<p>400 x 350 x 350<\/p>\n<h5>1 3-D CNC-Messmaschine Wenzel X-Orbit XO 55<\/h5>\n<\/div><\/section><\/p><\/div>\n<div class=\"flex_column av_one_half  flex_column_div av-zero-column-padding   \" style='border-radius:0px; '><p><section class=\"av_textblock_section \"  itemscope=\"itemscope\" itemtype=\"https:\/\/schema.org\/CreativeWork\" ><div class='avia_textblock  '   itemprop=\"text\" ><span class=\"av_font_icon avia_animate_when_visible  av-icon-style-  av-no-color avia-icon-pos-left \" style=\"\"><span class='av-icon-char' style='font-size:30px;line-height:30px;' aria-hidden='true' data-av_icon='\ue84f' data-av_iconfont='entypo-fontello' ><\/span><\/span>\n<p><a href=\"https:\/\/www.fertigungstechnik-wettringen.de\/wp-content\/uploads\/2023\/05\/Maschinenpark_2023.pdf\"><strong>Maschinenparkliste als Download<\/strong><\/a><\/p>\n<\/div><\/section><br \/>\n<div class='avia-gallery  avia-gallery-1 avia_lazyload avia_animate_when_visible '  itemprop=\"ImageObject\" itemscope=\"itemscope\" itemtype=\"https:\/\/schema.org\/ImageObject\" ><div class='avia-gallery-thumb'> <a href='https:\/\/www.fertigungstechnik-wettringen.de\/wp-content\/uploads\/2023\/05\/Wettringen-media.jpg' data-rel='gallery-1' data-prev-img='https:\/\/www.fertigungstechnik-wettringen.de\/wp-content\/uploads\/2023\/05\/Wettringen-media-495x400.jpg' class='first_thumb lightbox ' data-onclick='1' title=''  itemprop=\"thumbnailUrl\" ><img  src='https:\/\/www.fertigungstechnik-wettringen.de\/wp-content\/uploads\/2023\/05\/Wettringen-media-495x400.jpg' width='495' height='400'  title='Wettringen-media' alt='' \/><\/a> <a href='https:\/\/www.fertigungstechnik-wettringen.de\/wp-content\/uploads\/2016\/03\/Mazatrol_matrix_nexus.jpg' data-rel='gallery-1' data-prev-img='https:\/\/www.fertigungstechnik-wettringen.de\/wp-content\/uploads\/2016\/03\/Mazatrol_matrix_nexus-495x400.jpg' class='lightbox ' data-onclick='2' title=''  itemprop=\"thumbnailUrl\" ><img  src='https:\/\/www.fertigungstechnik-wettringen.de\/wp-content\/uploads\/2016\/03\/Mazatrol_matrix_nexus-495x400.jpg' width='495' height='400'  title='Mazatrol_matrix_nexus' alt='' \/><\/a> <a href='https:\/\/www.fertigungstechnik-wettringen.de\/wp-content\/uploads\/2016\/03\/Maschinenpark2.jpg' data-rel='gallery-1' data-prev-img='https:\/\/www.fertigungstechnik-wettringen.de\/wp-content\/uploads\/2016\/03\/Maschinenpark2-495x400.jpg' class='first_thumb lightbox ' data-onclick='3' title=''  itemprop=\"thumbnailUrl\" ><img  src='https:\/\/www.fertigungstechnik-wettringen.de\/wp-content\/uploads\/2016\/03\/Maschinenpark2-495x400.jpg' width='495' height='400'  title='Maschinenpark2' alt='' \/><\/a> <a href='https:\/\/www.fertigungstechnik-wettringen.de\/wp-content\/uploads\/2016\/03\/Okuma_OSP_U100L.jpg' data-rel='gallery-1' data-prev-img='https:\/\/www.fertigungstechnik-wettringen.de\/wp-content\/uploads\/2016\/03\/Okuma_OSP_U100L-495x400.jpg' class='lightbox ' data-onclick='4' title=''  itemprop=\"thumbnailUrl\" ><img  src='https:\/\/www.fertigungstechnik-wettringen.de\/wp-content\/uploads\/2016\/03\/Okuma_OSP_U100L-495x400.jpg' width='495' height='400'  title='Okuma_OSP_U100L' alt='' \/><\/a> <a href='https:\/\/www.fertigungstechnik-wettringen.de\/wp-content\/uploads\/2016\/03\/Maschinenpark3.jpg' data-rel='gallery-1' data-prev-img='https:\/\/www.fertigungstechnik-wettringen.de\/wp-content\/uploads\/2016\/03\/Maschinenpark3-495x400.jpg' class='first_thumb lightbox ' data-onclick='5' title=''  itemprop=\"thumbnailUrl\" ><img  src='https:\/\/www.fertigungstechnik-wettringen.de\/wp-content\/uploads\/2016\/03\/Maschinenpark3-495x400.jpg' width='495' height='400'  title='Maschinenpark3' alt='' \/><\/a> <a href='https:\/\/www.fertigungstechnik-wettringen.de\/wp-content\/uploads\/2016\/03\/Maschinenpark4.jpg' data-rel='gallery-1' data-prev-img='https:\/\/www.fertigungstechnik-wettringen.de\/wp-content\/uploads\/2016\/03\/Maschinenpark4-495x400.jpg' class='lightbox ' data-onclick='6' title=''  itemprop=\"thumbnailUrl\" ><img  src='https:\/\/www.fertigungstechnik-wettringen.de\/wp-content\/uploads\/2016\/03\/Maschinenpark4-495x400.jpg' width='495' height='400'  title='Maschinenpark4' alt='' \/><\/a> <a href='https:\/\/www.fertigungstechnik-wettringen.de\/wp-content\/uploads\/2016\/03\/Maschinenpark5.jpg' data-rel='gallery-1' data-prev-img='https:\/\/www.fertigungstechnik-wettringen.de\/wp-content\/uploads\/2016\/03\/Maschinenpark5-495x400.jpg' class='first_thumb lightbox ' data-onclick='7' title=''  itemprop=\"thumbnailUrl\" ><img  src='https:\/\/www.fertigungstechnik-wettringen.de\/wp-content\/uploads\/2016\/03\/Maschinenpark5-495x400.jpg' width='495' height='400'  title='Maschinenpark5' alt='' \/><\/a> <a href='https:\/\/www.fertigungstechnik-wettringen.de\/wp-content\/uploads\/2016\/03\/Leistungsspektrum4.jpg' data-rel='gallery-1' data-prev-img='https:\/\/www.fertigungstechnik-wettringen.de\/wp-content\/uploads\/2016\/03\/Leistungsspektrum4-495x400.jpg' class='lightbox ' data-onclick='8' title=''  itemprop=\"thumbnailUrl\" ><img  src='https:\/\/www.fertigungstechnik-wettringen.de\/wp-content\/uploads\/2016\/03\/Leistungsspektrum4-495x400.jpg' width='495' height='400'  title='Leistungsspektrum4' alt='' \/><\/a> <a href='https:\/\/www.fertigungstechnik-wettringen.de\/wp-content\/uploads\/2016\/03\/Maschinenpark6.jpg' data-rel='gallery-1' data-prev-img='https:\/\/www.fertigungstechnik-wettringen.de\/wp-content\/uploads\/2016\/03\/Maschinenpark6-495x400.jpg' class='first_thumb lightbox ' data-onclick='9' title=''  itemprop=\"thumbnailUrl\" ><img  src='https:\/\/www.fertigungstechnik-wettringen.de\/wp-content\/uploads\/2016\/03\/Maschinenpark6-495x400.jpg' width='495' height='400'  title='Maschinenpark6' alt='' \/><\/a> <a href='https:\/\/www.fertigungstechnik-wettringen.de\/wp-content\/uploads\/2016\/03\/Maschinenpark7.jpg' data-rel='gallery-1' data-prev-img='https:\/\/www.fertigungstechnik-wettringen.de\/wp-content\/uploads\/2016\/03\/Maschinenpark7-495x400.jpg' class='lightbox ' data-onclick='10' title=''  itemprop=\"thumbnailUrl\" ><img  src='https:\/\/www.fertigungstechnik-wettringen.de\/wp-content\/uploads\/2016\/03\/Maschinenpark7-495x400.jpg' width='495' height='400'  title='Maschinenpark7' alt='' \/><\/a> <a href='https:\/\/www.fertigungstechnik-wettringen.de\/wp-content\/uploads\/2016\/03\/Maschinenpark8.jpg' data-rel='gallery-1' data-prev-img='https:\/\/www.fertigungstechnik-wettringen.de\/wp-content\/uploads\/2016\/03\/Maschinenpark8-495x400.jpg' class='first_thumb lightbox ' data-onclick='11' title=''  itemprop=\"thumbnailUrl\" ><img  src='https:\/\/www.fertigungstechnik-wettringen.de\/wp-content\/uploads\/2016\/03\/Maschinenpark8-495x400.jpg' width='495' height='400'  title='Maschinenpark8' alt='' \/><\/a> <a href='https:\/\/www.fertigungstechnik-wettringen.de\/wp-content\/uploads\/2016\/03\/Maschinenpark9.jpg' data-rel='gallery-1' data-prev-img='https:\/\/www.fertigungstechnik-wettringen.de\/wp-content\/uploads\/2016\/03\/Maschinenpark9-495x400.jpg' class='lightbox ' data-onclick='12' title=''  itemprop=\"thumbnailUrl\" ><img  src='https:\/\/www.fertigungstechnik-wettringen.de\/wp-content\/uploads\/2016\/03\/Maschinenpark9-495x400.jpg' width='495' height='400'  title='Maschinenpark9' alt='' \/><\/a> <a href='https:\/\/www.fertigungstechnik-wettringen.de\/wp-content\/uploads\/2016\/03\/Leistungsspektrum6.jpg' data-rel='gallery-1' data-prev-img='https:\/\/www.fertigungstechnik-wettringen.de\/wp-content\/uploads\/2016\/03\/Leistungsspektrum6-495x400.jpg' class='first_thumb lightbox ' data-onclick='13' title=''  itemprop=\"thumbnailUrl\" ><img  src='https:\/\/www.fertigungstechnik-wettringen.de\/wp-content\/uploads\/2016\/03\/Leistungsspektrum6-495x400.jpg' width='495' height='400'  title='Leistungsspektrum6' alt='' \/><\/a> <a href='https:\/\/www.fertigungstechnik-wettringen.de\/wp-content\/uploads\/2016\/03\/Leistungsspektrum2.jpg' data-rel='gallery-1' data-prev-img='https:\/\/www.fertigungstechnik-wettringen.de\/wp-content\/uploads\/2016\/03\/Leistungsspektrum2-495x400.jpg' class='lightbox ' data-onclick='14' title=''  itemprop=\"thumbnailUrl\" ><img  src='https:\/\/www.fertigungstechnik-wettringen.de\/wp-content\/uploads\/2016\/03\/Leistungsspektrum2-495x400.jpg' width='495' height='400'  title='Leistungsspektrum2' alt='' \/><\/a><\/div><\/div><\/p><\/div>\n","protected":false},"excerpt":{"rendered":"","protected":false},"author":1,"featured_media":0,"parent":13,"menu_order":6,"comment_status":"closed","ping_status":"closed","template":"","meta":{"footnotes":""},"class_list":["post-42","page","type-page","status-publish","hentry"],"_links":{"self":[{"href":"https:\/\/www.fertigungstechnik-wettringen.de\/index.php\/wp-json\/wp\/v2\/pages\/42","targetHints":{"allow":["GET"]}}],"collection":[{"href":"https:\/\/www.fertigungstechnik-wettringen.de\/index.php\/wp-json\/wp\/v2\/pages"}],"about":[{"href":"https:\/\/www.fertigungstechnik-wettringen.de\/index.php\/wp-json\/wp\/v2\/types\/page"}],"author":[{"embeddable":true,"href":"https:\/\/www.fertigungstechnik-wettringen.de\/index.php\/wp-json\/wp\/v2\/users\/1"}],"replies":[{"embeddable":true,"href":"https:\/\/www.fertigungstechnik-wettringen.de\/index.php\/wp-json\/wp\/v2\/comments?post=42"}],"version-history":[{"count":55,"href":"https:\/\/www.fertigungstechnik-wettringen.de\/index.php\/wp-json\/wp\/v2\/pages\/42\/revisions"}],"predecessor-version":[{"id":518,"href":"https:\/\/www.fertigungstechnik-wettringen.de\/index.php\/wp-json\/wp\/v2\/pages\/42\/revisions\/518"}],"up":[{"embeddable":true,"href":"https:\/\/www.fertigungstechnik-wettringen.de\/index.php\/wp-json\/wp\/v2\/pages\/13"}],"wp:attachment":[{"href":"https:\/\/www.fertigungstechnik-wettringen.de\/index.php\/wp-json\/wp\/v2\/media?parent=42"}],"curies":[{"name":"wp","href":"https:\/\/api.w.org\/{rel}","templated":true}]}}